reds digit of 98408320?
3
What is the hundreds digit of 193306546?
5
What is the hundred thousands digit of 4765550552?
5
What is the hundreds digit of 209401264?
2
What is the ten millions digit of 58911600?
5
What is the ten thousands digit of 27330473?
3
What is the hundred thousands digit of 262059682?
0
What is the tens digit of 48916731?
3
What is the ten thousands digit of 304730246?
3
What is the thousands digit of 40134915?
4
What is the hundreds digit of 71512257?
2
What is the units digit of 8499438?
8
What is the hundreds digit of 34562714?
7
What is the billions digit of 4585109140?
4
What is the thousands digit of 1452863930?
3
What is the tens digit of 419859798?
9
What is the hundreds digit of 1363657704?
7
What is the thousands digit of 6107492498?
2
What is the millions digit of 27832609?
7
What is the ten millions digit of 136930184?
3
What is the ten thousands digit of 1518170128?
7
What is the hundred millions digit of 5606305213?
6
What is the tens digit of 267056718?
1
What is the hundred thousands digit of 75412553?
4
What is the hundred thousands digit of 35415909?
4
What is the millions digit of 79790195?
9
What is the hundred millions digit of 133358677?
1
What is the ten millions digit of 109589157?
0
What is the units digit of 55588746?
6
What is the ten thousands digit of 970714085?
1
What is the ten millions digit of 126675039?
2
What is the hundreds digit of 54005085?
0
What is the tens digit of 30353962?
6
What is the hundreds digit of 88987372?
3
What is the tens digit of 16707912?
1
What is the ten millions digit of 56450779?
5
What is the billions digit of 3049808772?
3
What is the millions digit of 669165177?
9
What is the hundred millions digit of 160149991?
1
What is the hundred thousands digit of 21039739?
0
What is the hundred thousands digit of 101578467?
5
What is the hundreds digit of 7675905889?
8
What is the ten millions digit of 2404410673?
0
What is the thousands digit of 198105974?
5
What is the ten millions digit of 4375073243?
7
What is the ten thousands digit of 383414453?
1
What is the tens digit of 111628629?
2
What is the hundred thousands digit of 930512861?
5
What is the millions digit of 4682564053?
2
What is the units digit of 477313840?
0
What is the tens digit of 184776160?
6
What is the units digit of 73834059?
9
What is the units digit of 111857172?
2
What is the hundred millions digit of 117147709?
1
What is the units digit of 145506113?
3
What is the ten millions digit of 137291508?
3
What is the ten thousands digit of 18345862?
4
What is the units digit of 137691545?
5
What is the hundred thousands digit of 319870791?
8
What is the thousands digit of 2542764414?
4
What is the millions digit of 17051072?
7
What is the ten millions digit of 794406328?
9
What is the ten millions digit of 107391184?
0
What is the millions digit of 2586560041?
6
What is the tens digit of 68410012?
1
What is the tens digit of 30197905?
0
What is the ten millions digit of 704601697?
0
What is the hundred millions digit of 5730228605?
7
What is the ten thousands digit of 64836793?
3
What is the hundred thousands digit of 5509078168?
0
What is the units digit of 108737987?
7
What is the tens digit of 60488939?
3
What is the millions digit of 471218341?
1
What is the ten millions digit of 2045218227?
4
What is the millions digit of 651829687?
1
What is the ten thousands digit of 1222477371?
7
What is the thousands digit of 180428508?
8
What is the units digit of 202391624?
4
What is the ten thousands digit of 41098283?
9
What is the ten thousands digit of 10606658?
0
What is the thousands digit of 123435335?
5
What is the hundred millions digit of 7057644739?
0
What is the millions digit of 4130045242?
0
What is the hundred thousands digit of 1567439?
5
What is the hundred millions digit of 4704288379?
7
What is the ten thousands digit of 39310127?
1
What is the tens digit of 1149823837?
3
What is the billions digit of 5102554370?
5
What is the hundred thousands digit of 394505995?
5
What is the hundred thousands digit of 2631090102?
0
What is the millions digit of 454546568?
4
What is the units digit of 3492603122?
2
What is the hundred millions digit of 1261177304?
2
What is the thousands digit of 474949398?
9
What is the units digit of 191114434?
4
What is the ten thousands digit of 1401038?
0
What is the ten millions digit of 437704462?
3
What is the ten millions digit of 13026472?
1
What is the hundred thousands digit of 533110922?
1
What is the tens digit of 1547026527?
2
What is the hundred thousands digit of 33981919?
9
What is the billions digit of 1432883734?
1
What is the hundreds digit of 96590673?
6
What is the hundred thousands digit of 177420794?
4
What is the ten thousands digit of 162145583?
4
What is the ten millions digit of 587169675?
8
What is the ten millions digit of 3512061297?
1
What is the units digit of 38688344?
4
What is the hundred millions digit of 361766383?
3
What is the hundred thousands digit of 6981830?
9
What is the units digit of 2224576231?
1
What is the hundred millions digit of 1965924323?
9
What is the ten millions digit of 179047032?
7
What is the ten millions digit of 11811088?
1
What is the millions digit of 199202263?
9
What is the units digit of 3707828543?
3
What is the millions digit of 154634658?
4
What is the tens digit of 6802749122?
2
What is the thousands digit of 3167921938?
1
What is the units digit of 175292462?
2
What is the hundreds digit of 8722556276?
2
What is the millions digit of 471778040?
1
What is the ten thousands digit of 149971242?
7
What is the hundred thousands digit of 1302209365?
2
What is the millions digit of 553034886?
3
What is the tens digit of 735066897?
9
What is the thousands digit of 23245037?
5
What is the hundreds digit of 4035480?
4
What is the hundreds digit of 26857292?
2
What is the thousands digit of 6054066145?
6
What is the thousands digit of 868480422?
0
What is the hundred thousands digit of 782781259?
7
What is the units digit of 84660731?
1
What is the hundreds digit of 1074804556?
5
What is the hundreds digit of 296345406?
4
What is the billions digit of 1177878970?
1
What is the ten thousands digit of 818455279?
5
What is the thousands digit of 383665947?
5
What is the hundred thousands digit of 31583422?
5
What is the tens digit of 121022881?
8
What is the millions digit of 270325907?
0
What is the hundreds digit of 173290721?
7
What is the thousands digit of 221783623?
3
What is the hundreds digit of 114471542?
5
What is the ten thousands digit of 129188998?
8
What is the thousands digit of 915533713?
3
What is the units digit of 13857315?
5
What is the ten millions digit of 62344359?
6
What is the hundred millions digit of 732091523?
7
What is the ten thousands digit of 6000225731?
2
What is the millions digit of 44898116?
4
What is the tens digit of 7297453855?
5
What is the hundred thousands digit of 26043406?
0
What is the units digit of 878062251?
1
What is the millions digit of 2414293440?
4
What is the hundred thousands digit of 1050442007?
4
What is the tens digit of 114637771?
7
What is the thousands digit of 1041688829?
8
What is the millions digit of 438424839?
8
What is the tens digit of 351128968?
6
What is the tens digit of 1402605485?
8
What is the hundred thousands digit of 94244666?
2
What is the units digit of 5010066?
6
What is the ten thousands digit of 132548377?
4
What is the hundreds digit of 8152919489?
4
What is the thousands digit of 649015142?
5
What is the units digit of 95816073?
3
What is the hundred millions digit of 229414312?
2
What is the ten thousands digit of 1760029956?
2
What is the ten thousands digit of 23974119?
7
What is the ten thousands digit of 39439051?
3
What is the ten millions digit of 699043553?
9
What is the ten thousands digit of 3012889271?
8
What is the hundred millions digit of 2794648156?
7
What is the hundred thousands digit of 356209630?
2
What is the hundreds digit of 272843292?
2
What is the units digit of 3663392320?
0
What is the hundred millions digit of 272985892?
2
What is the units digit of 338995283?
3
What is the units digit of 2283045457?
7
What is the units digit of 686448913?
3
What is the units digit of 48688556?
6
What is the hund